9
Let n be (-77)/(-5) + (-4)/10. Suppose -4*l + 2*z = -6, z - n = -l - 3*z. What is the units digit of l?
3
Let p be (-8)/28 + 219/7. Let f = p - -6. What is the tens digit of f?
3
Let i = 11 - -2. Suppose -q = -2, 3*a - 3*q = -i - 5. Let t = a + 14. What is the units digit of t?
0
Let w = 241 + -31. What is the units digit of w?
0
Let c(m) = m**3 + 12*m**2 + 22*m + 13. What is the units digit of c(-9)?
8
Suppose 3*l - 771 + 111 = 0. What is the tens digit of l?
2
What is the tens digit of (3/1)/(9/120)?
4
Let m(c) = 47*c + 1. What is the tens digit of m(1)?
4
Let a(t) = t**2 - 6*t + 7. Let s be a(5). Suppose 6 + s = -4*b. What is the tens digit of -5*(b + 1)*2?
1
Let s(j) = j**3 + 7*j**2 + 5*j + 5. Let x be ((-6)/(-5))/((-5)/25). Let q be s(x). Suppose 4*d - 67 = -q. What is the units digit of d?
4
Let c be ((-8)/(-12))/((-2)/(-9)). Let v = 1 + c. What is the units digit of v?
4
Let m(f) = -4 - 5*f + 1 + 1. Let y be m(-3). Suppose 4*u - y = 3. What is the units digit of u?
4
What is the tens digit of 13/(-26) - (-75)/2?
3
Let f = -42 - -54. What is the units digit of f?
2
Let a be (0 - -16)*(2 - 1). What is the tens digit of (a/10)/(2/35)?
2
Let u = 22 + 33. What is the tens digit of u?
5
Let c be (-6)/4*32/(-24). What is the units digit of 3/c*(-84)/(-9)?
4
Suppose -5*y + 240 = 70. What is the units digit of y?
4
Let p = -135 - -206. Let l = p + -37. What is the tens digit of l?
3
Suppose 0 = 5*t - j - 290, -t + 3*j + 51 = -7. Suppose -x - 12 + 41 = -4*c, -2*x + 3*c = -t. Let r = -15 + x. What is the units digit of r?
4
Let u(k) = k**2 + 6*k - 7. Let j = -6 + -3. What is the tens digit of u(j)?
2
Suppose -8 = 3*y - y, 3*w = 2*y + 377. What is the hundreds digit of w?
1
Suppose -q = 0, r + 3*q = -r + 8. Let b = 8 - 4. Suppose b*s + y = 46, y = r*s + 3*y - 48. What is the units digit of s?
1
Suppose 5*n + 94 = 2*h, -5*n - 6 - 4 = 0. What is the units digit of h?
2
Let o(j) = -3*j - 5. Let s(g) = 21*g + 36. Let n(m) = 15*o(m) + 2*s(m). Let p(z) = z**2 + 4*z. Let f be p(-3). What is the units digit of n(f)?
6
Suppose 8 = -5*u + 5*i + 3, 0 = u - 3*i + 5. Suppose 2*a + 4*r = 2, -5*a - 5*r + 9 = -u. Suppose -17 + 2 = -a*b. What is the units digit of b?
5
Suppose -2*u - 2 = -6. Suppose -5*i - 8 = -4*l + 11, -u*i = 2*l + 4. Suppose l = 2*p + 5*q + 6, -p = -q - 15. What is the units digit of p?
0
Suppose -4*w = -9*w - 50. What is the units digit of (4/5)/((-2)/w)?
4
Suppose -552 = -5*j - 0*i + 4*i, j - 108 = 2*i. What is the hundreds digit of j?
1
Let q = 0 - -3. Suppose -r - q*p - 42 = -2*r, r = -p + 30. What is the tens digit of r?
3
Let t(o) = -o - 4. Let a be t(-4). Let s(j) be the second derivative of j**5/20 + j**4/12 + j**3/6 + 7*j**2/2 + 4*j. What is the units digit of s(a)?
7
Suppose 3*f + 22 = -2*c, -f - 2*f + 5*c - 50 = 0. Let k = 12 + f. What is the units digit of k?
2
Let b = 22 - 16. Suppose -2*u - 16 = -4*l, 4*l + 4 = -3*u + b*l. Suppose -z = -5*a - 0 + 18, 3 = u*a + z. What is the units digit of a?
3
Let y(u) = 10 + 4*u + 0*u + u - 6*u. Let g be y(8). Suppose -4*h - 4 = -4*t + 4, -4*h + 22 = g*t. What is the units digit of h?
3
Suppose -2*c - 2*c + 22 = 2*d, -16 = -4*c + 4*d. Suppose -j + 218 = c*r, 0 = 5*r - 2*j - 61 - 148. What is the tens digit of r?
4
Suppose 139 = 3*c - 44. What is the tens digit of c?
6
Suppose 17 = 2*j + 1. What is the units digit of j?
8
Let k(y) = -5*y - 2 + y + 3*y + y**2. Let v be k(2). Suppose -3*w + 5*h + 34 = v, -3*w - 2*h = -0*w + 1. What is the units digit of w?
3
Let t(f) = 7*f + 1 - 3 - 2*f + f**2. Let l be t(-6). Let r = 7 - l. What is the units digit of r?
3
Suppose 9*c - 2*c = 2401. What is the hundreds digit of c?
3
Let x = 11 + -17. What is the tens digit of 16/x*(-10 + 4)?
1
Let r = 12 + -12. Suppose 2*o - o - 4*z = 52, -5*o - 3*z + 214 = r. What is the tens digit of o?
4
Suppose 3*t + 5*r - 30 = 2*t, -t - 3*r = -24. Suppose 0 = 5*f - 3*z - 126, 0*f + 98 = 4*f - z. Let x = f - t. What is the units digit of x?
9
Let b be (-1)/(((-2)/1)/4). Let t be 1 - b - (-15 - -2). Suppose t = f - o, -f = 2*f + 5*o - 12. What is the units digit of f?
9
Let h be ((-34)/(-8))/((-1)/(-4)). Suppose 4*f + 5 = h. Suppose 2*b = 3*x + 26, 4*b + f*x = x + 20. What is the units digit of b?
7
Let g be (-7)/1 + (-1 - -2). What is the units digit of (g - 21)*4/(-6)?
8
Let l(t) = -6*t - 8. Let j(m) = -7*m - 9. Let r(p) = -5*j(p) + 6*l(p). What is the units digit of r(-7)?
4
Let d be (-166)/(-18) - 6/27. Suppose -1 = 2*u - d. Let b = 1 + u. What is the units digit of b?
5
Let k = -4 - 0. Let p be (-9)/k - (-6)/(-24). Suppose i - 6 = p. What is the units digit of i?
8
Let m(h) = 4*h - 25. Let a(b) = -b + 6. Let o(i) = -9*a(i) - 2*m(i). Let k be o(4). Suppose 4*w = -5*c + 24, 6 = -k*w + w + c. What is the units digit of w?
6
Let q(y) = y**3 - 5*y**2 + 7. Let l be q(5). Let z = l + 6. Suppose -i + z = -3*b, -7*i + 4*i - 5*b = -11. What is the units digit of i?
7
Let g be 54/24 - 3/(-4). Suppose 0 = -g*z + 8*z - 65. What is the units digit of z?
3
Let y(g) be the third derivative of g**6/120 - 7*g**5/60 + g**4/4 + g**3/3 + 4*g**2. What is the units digit of y(6)?
2
Suppose l = r + 10, 5*l - 35 = 2*l + 4*r. What is the tens digit of (-414)/(-8) + l/20?
5
Let p be (-94)/(-8) - 6/(-24). Suppose -s = -4*b, 3*s + p = 4*b - s. Let r = 4 + b. What is the units digit of r?
3
Let k = -18 + 32. Suppose -3*s = -s - k. What is the units digit of 7 - s - -1*2?
2
Let j(g) = -g**2 - 7*g - 3. Suppose -d - 3*d - 2*m - 24 = 0, -2*m = 0. Let u be j(d). Suppose -4*w - u*s + 6 = -6, 20 = 4*w + s. What is the units digit of w?
6
Suppose -3*c = 2*c. Suppose 0 = 2*x - 2, c*x = 5*p - 3*x + 13. Let g = 6 - p. What is the units digit of g?
8
Let q(d) = 3*d**3 + 2 + 80*d - 2*d**3 - d**2 - 90*d. What is the units digit of q(5)?
2
Suppose 5*b = 2*p - 0*p - 12, 0 = 4*p - 5*b - 14. Let k(y) = 7*y**3 - y. Let i be k(1). Let x = p + i. What is the units digit of x?
7
Suppose v + 336 = 3*v. What is the units digit of v?
8
Suppose -3*d - 3 = -5*z, 3*d - 4*d - 1 = 4*z. What is the units digit of (d*3)/(0 - 1)?
3
Let n = 37 + 11. Let j = n + -68. Let r = -12 - j. What is the units digit of r?
8
Let h be -1 - (-6)/(-3) - -4. What is the units digit of 5 - (-1 - h - -2)?
5
Let d(l) = l**2 - 5*l - 8. Let z be d(6). Let u(b) = 6*b**2 - b + 1. Let p be u(1). What is the units digit of -2 + (-27)/p*z?
7
Let j be (-1 + (-1)/1)*-7. Suppose -j + 2 = -2*f. What is the units digit of f?
6
Let l = -3 - -8. Suppose 3*v = 4*u + 20, l*u + 15 = 2*v + 2*u. Let z(t) = -t**2 + 7. What is the units digit of z(v)?
7
Let y be (3 - 1) + (-45)/1. Let p = -16 - y. What is the tens digit of p?
2
Let c = -1 + 4. Suppose 0*x = c*x - 33. What is the tens digit of x?
1
Suppose q + n + 0 - 5 = 0, 0 = 2*n. Suppose q*z = z + 56. What is the units digit of z/((3 - 5)*-1)?
7
Let v = 71 - 11. What is the tens digit of v?
6
Let b(a) = a**3 - 3*a**2 + a + 2. Let m be 1/(-4)*-2*2. Let k(p) = 3*p**2 + p - 1. Let j be k(m). What is the units digit of b(j)?
5
Let b(g) = g**3 - 10*g**2 + 13*g - 9. What is the units digit of b(9)?
7
Let p(r) = r**3 + 2*r**2 - 4*r + 3. Let a be p(2). Suppose -30 = -5*k - 5*f, -k = f + f - a. What is the units digit of k?
1
Suppose 0 = -0*m + 2*m. Let j(d) = d - d**2 + 2*d**2 + 2 + 1. What is the units digit of j(m)?
3
Suppose -y - 5*t + 17 = 0, 2*t - 7*t + 13 = -y. Suppose 2*q + y = -8. Let x = q + 6. What is the units digit of x?
1
Let o(z) = 5*z**2 - 6*z**2 + 0*z**2 + 27. What is the tens digit of o(0)?
2
Let w be 6/(-4)*(-2)/3. What is the units digit of w/4 + (-35)/(-20)?
2
Let k = 51 - 31. Suppose -5*u = -3*u + 2*f + 30, -3*f = 5*u + 73. Let c = u + k. What is the units digit of c?
6
Let k(h) = -h**3 + 2*h**2 + 2*h + 3. Let z be k(3). Suppose 4*u + n - 17 - 4 = 0, z = 3*u - 5*n - 33. What is the units digit of u?
6
What is the units digit of ((-76)/10)/((-42)/105)?
9
Suppose 0 = 4*f - 2*f. Let n(z) = -z**3 - 30. Let i be n(f). What is the units digit of (4/5)/((-4)/i)?
6
Suppose 0*r - 2*r + 10 = 0. Let m = -1 + r. What is the units digit of 0 - -6*m/6?
4
Suppose 5*n - 8 - 2 = 0. Let i(p) = p**n - 1 + 3*p - 2*p + 0. What is the units digit of i(2)?
5
Let o be ((-1)/((-2)/4))/1. Suppose -q + 3*d + o + 0 = 0, -2*d = -6. What is the units digit of q?
1
Suppose q - 6*q = 